(5 - (-3 + 12 - 0)) - -7?
11
What is 4 - (29 - ((12 - -1) + 21 + -28))?
-19
362 + -365 - (1 + 0 - (7 - -1))
4
Evaluate -17 + -19 + 112 - 44.
32
What is 6 - (2 + 7 + -1) - -15?
13
-3 + (0 - -2) - (102 + -47 - 74)
18
Evaluate -3 - -4 - 22 - (-2 - 6).
-13
Calculate 13 + -6 + -31 + 19.
-5
0 - (-11 + (1 - -11))
-1
(-7 - -2) + (-4 + 5 - 3 - 1)
-8
What is (18 - 27 - (1 - 2)) + -3?
-11
What is (-8 - 0) + -15 + 9 + 1 + 9?
-4
Calculate 12 + 9 - 7 - 11.
3
Evaluate -1 + 6 - (0 + (12 - 6 - -9)).
-10
Evaluate 8 - (-8 - (-7 - (6 + 2 - 13))).
14
-1 + -31 + (-1271 - -1272)
-31
Evaluate -15 - (-27 + 11) - 7.
-6
(-2 - -6 - (-10 - -21)) + (20 - 14)
-1
Evaluate -292 + 299 + -2 + 22 + 0 + 0.
27
What is 12 - (53 - 5 - (0 - -10))?
-26
What is -19 + 12 + 24 + (-16 - (-12 + 6))?
7
What is -9 + (-9 - -15) + 3?
0
What is the value of -4 - (-2 + 4 - 5 - (-6 - -5))?
-2
Calculate -2 + 3 - (-89 - -45 - -29).
16
Evaluate 24 - 13 - (-4 + 7).
8
What is the value of -2 + (0 - 5 - 2) + (72 - 71)?
-8
What is (200 + -167 - (0 + 12)) + -7 + 0?
14
Evaluate -18 + -2 + -3 - (-13 + 7 - 3).
-14
-2 - 25 - 4 - (57 + -62)
-26
What is the value of 20 + (-23 - (-16 + 5)) + 4?
12
Evaluate 15 + 5 + -2 + -2 - 7 - -1.
10
Calculate -3 + -5 + 3 - (2 - 2) - -6.
1
-10 + 0 - (10 - 27) - (2 + 1)
4
Evaluate -22 - (-5 - (1 + 6 + -2)).
-12
Evaluate 31 + (-5 - -12) + -43.
-5
1 + -3 + -1 + 129 + -117
9
116 - 137 - (-10 - -3)
-14
What is 1 + 12 - (-20 + 29) - (1 - 4)?
7
Calculate -8 - (6 - (-5 + -2 - 9) - 1).
-29
What is 15 + 33 - (22 - 2)?
28
What is the value of -15 + -28 + 22 + -10?
-31
Evaluate -5 - (-2 + (-6 - (-6 - -2))).
-1
Evaluate -7 - -2 - ((-18 - -35) + -23).
1
Calculate (-33 - -39) + -8 + (-2 - -4).
0
What is the value of -5 + (-3 - -3) + 7 + (-42 - -13)?
-27
What is 41 - ((5 + -10 - 9 - -4) + 19)?
32
What is 10 - (4 - (-1 - 6))?
-1
What is (35 - (-4 + 9)) + 6 + -5?
31
Evaluate (40 - 40) + 1 + -8 + -2 - -3.
-6
What is (-16 - -19) + (4 - 3) + -4?
0
Calculate -19 - (23 + -38 - (-13 + 0)).
-17
What is the value of (0 - 13) + (4 - (-6 + (16 - 8)))?
-11
What is the value of (1 + 0 + -7 - (-379 + 374)) + -29?
-30
(-15 - -20) + 12 + -2
15
What is -7 - -1 - (76 + -78)?
-4
Evaluate -376 + 375 + (3 - 5).
-3
1 - (-19 - (-10 + 3))
13
What is the value of (-5 - (21 + -40)) + 2 + -8?
8
42 - ((18 - 25) + (23 - -2))
24
What is -28 - (-16 + -3 + 11 + -1)?
-19
-10 + 2 - ((-20 - -7) + (-1 - 5))
11
What is 15 - 2 - ((55 - 55) + 1 + 0)?
12
Calculate 0 + 5 + (-31 - -36).
10
Evaluate -4 + -4 + (4 - -5) - (-2 - 0).
3
1 + -11 + 4 + -7 + -22 + 7
-28
Calculate (7 - (10 - 9)) + -1.
5
What is 13 - (3 - 15 - -15) - -8?
18
2 - (-6 - (1 - 20) - 1) - -3
-7
Evaluate 14 + 6 + -39 + 29.
10
Evaluate 10 - -3 - 0 - 14.
-1
Evaluate 0 - 2 - -9 - (-48 - (10 + -38)).
27
What is the value of 30 + (8 - 11) + -4 + -3?
20
Evaluate -78 - (3 - 15) - -33.
-33
What is the value of (-9 - -23 - 9) + (-2 - -2)?
5
Calculate -7 - (12 + -12 + -10).
3
Calculate -4 - (22 + -19) - 9.
-16
What is -33 - (2 - 0) - 3 - (762 + -768)?
-32
Calculate -12 - (-1 - 22) - -6.
17
-17 + (-1 - -13 - (-2 - -6))
-9
Calculate -2 - 4 - -14 - (18 + -7).
-3
What is 4 + -3 - -3 - (7 - 12)?
9
What is -8 + 12 + -1 + (10 - 4)?
9
What is -19 + -3 + 4 + 0 + 7?
-11
-2 - 2 - ((-19 - -37) + -13)
-9
Calculate -1 + -2 + (-9 - -9) + 1 + 8.
6
Evaluate ((-10 - -13) + 12 - 5) + -24.
-14
What is -10 + 0 - (701 + -728)?
17
What is the value of 6 - (-1 + 9 + -17) - 9?
6
What is the value of 5 + 4 + -5 + 3 + (-1 - 0)?
6
What is 0 - 3 - (-262 + 262) - 13?
-16
What is 21 + 1 + 768 + -763?
27
30 + 28 + -64 - (-30 - -1)
23
-26 + (2 - (-19 - 29))
24
What is 3 + 5 + -1 + (-12 - -11) + 1?
7
Evaluate -190 - -182 - (-3 - 24).
19
Evaluate (-39 + 0 - -11) + 44.
16
What is the value of 3 - (-75 - -71 - (-2 + -1))?
4
Calculate 4 + 5 + (2 + -5 - -6).
12
Calculate -35 + (18 - (-5 + -5)).
-7
Calculate -2 - (-2 - (2 + -4)) - (16 - 10).
-8
What is the value of -21 - (-10 + (-22 - 21))?
32
Calculate -9 - (-15 + (6 - 3)).
3
Evaluate 0 + -12 - (-37 - (21 - 33)).
13
What is the value of 17 + (0 - (-4 - -18))?
3
What is 3 - (-7 - (10 + 1 + -13))?
8
-9 + (6 - (37 - 17))
-23
Evaluate 1 + -1 + (3 - -3) + 146 + -134.
18
Calculate -4 - (-4 + -7 - (-4 + (-17 - 1))).
-15
What is -2 + (9 - -4) + 1?
12
(34 - 14 - 19) + -5
-4
(-14 - -9) + (-10 + 10 + -4 - 14)
-23
Evaluate 15 + 3 + -24 + 19.
13
What is -13 - -3 - (-265 - -264)?
-9
-2 + -5 + (-18 + 0 - -9)
-16
What is 35 + 12 + (-13 - 10)?
24
Evaluate 12 + (-3 - (-8 - ((1 - -4) + -8))).
14
Calculate (12 - (20 - 3)) + 14 + -18.
-9
What is the value of 0 - (7 + -1) - (80 - 0 - 81)?
-5
What is the value of 16 - (-9 + (-1 - -10 - 12))?
28
Evaluate -13 + (17 - (-8 - (6 + -10))).
8
14 + -14 + 0 + -4
-4
Calculate (12 - 4) + -14 + 18.
12
-8 - (8 - (-8 + 38))
14
1 - (-7 + 0 + -5 + -1) - 4
10
-2 + 6 - ((-9 - (5 + -13)) + -7)
12
What is (1 - -11 - -7) + 2 + -13 + 18?
26
What is the value of -4 + -9 + -6 + 3 - 6?
-22
Evaluate 4 - (15 + 3 + -9 + 6).
-11
(-3 - (-18 + 19 + -8)) + -2
2
What is 27 - (3 - (-8 + 15) - (-8 + -1))?
22
Calculate -60 + 48 + 1 + 4.
-7
What is the value of (0 - 3) + (-2 - 6) + -9?
-20
What is -6 - ((-7 - -5 - 11) + 1 + -2)?
8
What is the value of 5 - (-12 - -22) - -5 - 7?
-7
-13 - (-25 - ((8 - 8) + -15))
-3
What is (5 - 5) + 8 - (7 + 17)?
-16
25 - 10 - (14 - 10)
11
What is the value of (32 - (30 + 1)) + -34?
-33
Calculate -5 + 0 + (-3 + 30 - 7 - 7).
8
(9 - -4) + 12 + -20 + 21
26
Evaluate (68 - (17 + 16)) + -59.
-24
What is 130 - 112 - (0 + 14)?
4
Calculate -1 - ((-6 - 1) + 4 + 4 - -1).
-3
9 + (-2 - -1) - (80 + -78)
6
Evaluate -112 + 108 - (0 + -16 + (9 - 5)).
8
(-1438 - -1446) + 25 + -1
32
What is 2 + -1 + 1 - (-42 - -35 - -18)?
-9
Evaluate -4 + (-7 - -9) - (1 + 5 + 0).
-8
Calculate -52 + 86 + -45 - (1 - 1 - 2).
-9
What is 36 + -54 + -40 + 20?
-38
Evaluate 5 + 23 + -72 - (1 - 5 - 2).
-38
(1 - (-13 - -9)) + -27
-22
What is the value of (10 - 1 - (0 - -2)) + -27 + 7?
-13
Evaluate -8 + (102 - 111) + (-3 - (-1 - 0)).
-19
-16 + (7 - -2) - -4
-3
What is the value of 7 - (-8 + 1 - -15) - (-1 + 7)?
-7
(4 - 1 - -5) + -4 + -3
1
What is the value of (-6 - (-15 + 2)) + 2 + -9?
0
Calculate -3 - ((12 - 8) + 5).
-12
Calculate 9 + 5 - (27 - 33).
20
What is (-151 + 91 - -61) + 1 + (-2 - -1)?
1
What is the value of 2 - 9 - (-64 + 54) - (-3 + -1)?
7
What is the value of 8 + (9 - (16 - 2)) - 3 - 25?
-25
Calculate (-2 - 11) + 7 + (4 - (12 - -3)).
-17
Calculate (-4 - 8) + 8 + 8 + -17 + 1.
-12
3 + -12 - (14 + -7)
-16
Calculate -19 - ((-1 - (4 - 9)) + -16 + 5).
-12
What is the value of -2 + -2 + 40 + -1 + (-3934 - -3931)?
32
(-3 - -1 - -28) + -15
11
What is the value of -2 + -37 - (35 + (-66 - -17))?
-25
What is (-14 - 48) + 38 - -17?
-7
What is 17 + 0 - (-95 + 80 - -8)?
24
What is the value of 5 + -2 + -21 + (-9 - (1 - 4))?
-24
What is -29 + 9 - (2 + -31) - -17?
26
What is (-1 - (9 - 0)) + (-100 - -114)?
4
Evaluate (-6 - -8) + (-1 - 1) + 3 - 0.
3
Calculate 1 - -11 - (12 + -20 + 2 + 10).
8
What is 10 + -29 + 10 - -25?
16
What is 15 + -9 + -43 + 15?
-22
-3 + 0 - 9 - (3 - (-1 + 9))
-7
What is the value of -16 + 7 + -9 + 16?
-2
(2 - 2) + 4 + (59 - 68)
-5
(-5 - (3 - (9 - 4))) + 25 + -22
0
What is (0 - (1 - -12)) + 4097 + -4079?
5
Evaluate (1 - 3) + (6 - -4) + 5.
13
Evaluate 8 + 3 + (9 - 18).
2
What is the value of -10 - ((20 - 11) + -9 + -11)?
1
What is the value of 18 - -4 - (104 - 95 - (0 - -10))?
23
Evaluate 6 - (-2 + -8 + 7).
9
Calculate 11 + (7 - (18 - (10 - 0))).
10
Calculate 27 + 7 - (7 + -10 + -1 - -9).
29
Calculate -25 - (0 - (9 + 1)).
-15
(5 + 11 - 11) + 1 + 1
7
Calculate 4 + -2 + -37 + 15 + 1 + 9.
-10
Calculate -33 + -35 - -33 - -9.
-26
Evaluate 10 - (-8 + -1 + 45) - (-12 - -4).
-18
3 - (-5 - -12) - (14 + -5)
-13
23 - (4 + 6 + 12)
1
What is -11 + -1 + ((-30 - -14) + 42 - 18)?
-4
Calculate 2 - 11 - (-309 - -282).
18
-2 + (15 - (-1 + 3 - (-18 - -15)))
8
Evaluate 38 - (-27 + 99 + -8).
-26
Evaluate -33 + 43 - (-1 + -6 + 8).
9
(-8 - -5) + 21 + -8 + -6 + -15
-11
Calculate (-3 - 1) + 2 + 24 + -25.
-3
34 + 8 + -44 + 35
33
Calculate -2 + (6 - (-8 + (20 - (-1 - -7)))).
-2
-15 + (-22 - -41) + -10
-6
Evaluate -9 + (3 + -1 - (-22 - -13)).
2
Calculate (-11 - 2) + 4 - (4 - 0 - -4).
-17
Evaluate 28 + -15 + -22 + (13 - (-4 + 2)).
6
(56 - 60) + (19 - (4 + -3))
14
-17 + (14 - 4) - -17
10
What is the 